1001100 (base 2) in base 4?
-1030
What is 5 (base 16) in base 8?
5
Convert 11 (base 9) to base 3.
101
Convert 4 (base 10) to base 9.
4
What is -30 (base 6) in base 15?
-13
65 (base 8) to base 15
38
Convert -2 (base 8) to base 15.
-2
-5 (base 14) to base 6
-5
What is -11 (base 2) in base 15?
-3
100 (base 2) to base 14
4
What is -233 (base 6) in base 11?
-85
What is -1011110 (base 2) in base 14?
-6a
-16b (base 13) to base 7
-516
What is -4 (base 11) in base 5?
-4
Convert -26 (base 14) to base 10.
-34
What is 26 (base 8) in base 15?
17
-168 (base 9) to base 10
-143
Convert 12 (base 7) to base 12.
9
Convert -2 (base 7) to base 2.
-10
What is -32 (base 5) in base 11?
-16
Convert 23 (base 16) to base 15.
25
-a (base 15) to base 2
-1010
6 (base 14) to base 9
6
Convert 0 (base 10) to base 11.
0
361 (base 7) to base 2
10111110
1 (base 7) to base 6
1
-1 (base 3) to base 4
-1
Convert 22 (base 3) to base 11.
8
What is -3 (base 5) in base 11?
-3
What is 140 (base 14) in base 15?
11c
Convert 53 (base 6) to base 10.
33
Convert 0 (base 16) to base 2.
0
What is 33 (base 12) in base 9?
43
5 (base 12) to base 15
5
Convert -35 (base 12) to base 15.
-2b
1 (base 16) to base 4
1
1 (base 3) to base 2
1
What is 101100 (base 2) in base 9?
48
What is 0 (base 15) in base 4?
0
223 (base 5) to base 14
47
What is 3 (base 5) in base 16?
3
What is 24 (base 7) in base 12?
16
What is -41 (base 12) in base 7?
-100
0 (base 9) to base 3
0
Convert -1 (base 9) to base 14.
-1
What is -3320 (base 4) in base 7?
-503
-1 (base 11) to base 15
-1
Convert 8 (base 16) to base 2.
1000
What is 0 (base 5) in base 11?
0
Convert 112 (base 15) to base 5.
1432
Convert -8 (base 10) to base 14.
-8
13 (base 14) to base 16
11
What is -34 (base 13) in base 6?
-111
-215 (base 8) to base 12
-b9
Convert -533 (base 8) to base 10.
-347
dc (base 15) to base 7
414
34 (base 5) to base 2
10011
What is -3 (base 7) in base 2?
-11
5 (base 8) to base 3
12
-24 (base 9) to base 15
-17
Convert 3 (base 16) to base 3.
10
21 (base 3) to base 7
10
-7 (base 16) to base 4
-13
What is -223 (base 9) in base 12?
-133
What is 10111 (base 3) in base 6?
234
10 (base 3) to base 15
3
Convert -2 (base 16) to base 11.
-2
38 (base 16) to base 13
44
What is c6 (base 15) in base 14?
d4
What is -62 (base 10) in base 6?
-142
Convert -20 (base 6) to base 12.
-10
-7 (base 8) to base 12
-7
What is d (base 16) in base 8?
15
What is -3 (base 5) in base 7?
-3
112 (base 4) to base 15
17
Convert 1 (base 16) to base 7.
1
5 (base 12) to base 15
5
Convert 12 (base 3) to base 6.
5
What is -11 (base 14) in base 13?
-12
-9a (base 11) to base 5
-414
0 (base 7) to base 12
0
What is -6 (base 12) in base 2?
-110
What is -130 (base 5) in base 12?
-34
1 (base 16) to base 14
1
What is -10 (base 14) in base 4?
-32
Convert 14 (base 16) to base 12.
18
7 (base 13) to base 15
7
-1 (base 3) to base 14
-1
What is -34 (base 5) in base 2?
-10011
What is 6 (base 7) in base 8?
6
-1 (base 9) to base 5
-1
Convert -4 (base 14) to base 8.
-4
-10000 (base 3) to base 9
-100
Convert 26 (base 9) to base 11.
22
4 (base 16) to base 2
100
17a (base 15) to base 12
244
Convert 1002 (base 3) to base 9.
32
11 (base 4) to base 9
5
Convert 71 (base 16) to base 5.
423
-12 (base 16) to base 4
-102
5 (base 7) to base 12
5
What is -1d (base 14) in base 15?
-1c
Convert 11 (base 15) to base 12.
14
What is 115 (base 12) in base 16?
a1
What is -143 (base 7) in base 8?
-120
Convert -7 (base 13) to base 10.
-7
-48 (base 12) to base 8
-70
What is 3 (base 9) in base 2?
11
What is -135 (base 7) in base 2?
-1001011
What is -2 (base 5) in base 3?
-2
What is -116 (base 8) in base 4?
-1032
4 (base 10) to base 14
4
What is 26 (base 10) in base 8?
32
What is 100 (base 9) in base 3?
10000
What is -1 (base 6) in base 2?
-1
Convert 3 (base 6) to base 5.
3
Convert da (base 16) to base 13.
13a
301 (base 4) to base 3
1211
-2 (base 4) to base 12
-2
What is 111 (base 2) in base 6?
11
What is 33 (base 6) in base 12?
19
Convert 3 (base 16) to base 13.
3
Convert -36 (base 8) to base 7.
-42
-112 (base 7) to base 12
-4a
Convert 14 (base 10) to base 9.
15
15a (base 11) to base 5
1221
Convert -2 (base 13) to base 9.
-2
What is -2 (base 13) in base 2?
-10
What is 3 (base 16) in base 3?
10
What is 5 (base 16) in base 14?
5
What is 17 (base 13) in base 10?
20
What is -110 (base 5) in base 10?
-30
What is -13 (base 7) in base 8?
-12
Convert -2 (base 15) to base 5.
-2
What is 5 (base 6) in base 10?
5
Convert -2 (base 6) to base 13.
-2
-101 (base 3) to base 14
-a
-101 (base 2) to base 3
-12
What is 46 (base 14) in base 7?
116
12 (base 16) to base 15
13
What is -19 (base 11) in base 4?
-110
157 (base 10) to base 4
2131
Convert 0 (base 9) to base 6.
0
Convert -23 (base 15) to base 10.
-33
What is -32 (base 5) in base 15?
-12
Convert 35 (base 7) to base 6.
42
Convert 6 (base 9) to base 8.
6
What is -221 (base 3) in base 7?
-34
2 (base 12) to base 2
10
Convert -3 (base 13) to base 2.
-11
Convert -101100 (base 2) to base 11.
-40
What is 40 (base 8) in base 2?
100000
110 (base 2) to base 14
6
What is 2 (base 15) in base 16?
2
Convert 56 (base 10) to base 14.
40
-6 (base 15) to base 13
-6
Convert -22 (base 3) to base 11.
-8
0 (base 14) to base 11
0
Convert 0 (base 5) to base 3.
0
What is 2 (base 14) in base 9?
2
What is 100 (base 2) in base 14?
4
What is d (base 16) in base 3?
111
33 (base 4) to base 11
14
-4 (base 13) to base 6
-4
-2 (base 6) to base 2
-10
What is -3 (base 9) in base 11?
-3
Convert a1 (base 16) to base 6.
425
What is -1210 (base 4) in base 2?
-1100100
What is 11 (base 2) in base 6?
3
1 (base 4) to base 5
1
Convert cb (base 15) to base 16.
bf
What is 7 (base 15) in base 16?
7
Convert 12 (base 12) to base 15.
e
Convert 7 (base 12) to base 10.
7
What is 1 (base 6) in base 4?
1
-28 (base 9) to base 5
-101
-12 (base 3) to base 6
-5
-109 (base 10) to base 11
-9a
-62 (base 7) to base 4
-230
-128 (base 10) to base 6
-332
What is -311 (base 4) in base 11?
-49
3 (base 11) to base 14
3
Convert 21 (base 7) to base 2.
1111
What is b2 (base 15) in base 14?
bd
Convert 1100001 (base 2) to base 11.
89
What is 2 (base 8) in base 14?
2
1 (base 4) to base 11
1
-2c (base 14) to base 16
-28
Convert 126 (base 7) to base 14.
4d
-129 (base 12) to base 3
-20120
Convert -102 (base 7) to base 5.
-201
Convert -10 (base 13) to base 12.
-11
What is 12 (base 5) in base 14?
7
-1 (base 7) to base 5
-1
Convert 5 (base 16) to base 10.
5
What is -8 (base 15) in base 9?
-8
Convert -143 (base 5) to base 7.
-66
-12 (base 3) to base 12
-5
What is 10 (base 7) in base 15?
7
What is 1 (base 15) in base 6?
1
-100010001 (base 2) to base 7
-540
Convert 3 (base 4) to base 6.
3
1 (base 5) to base 9
1
0 (base 16) to base 13
0
b7 (base 14) to base 9
188
What is 2 (base 14) in base 12?
2
Convert 0 (base 15) to base 12.
0
What is 28 (base 11) in base 10?
30
-8 (base 12) to base 8
-10
Convert -21 (base 5) to base 10.
-11
What is -5 (base 14) in base 13?
-5
0 (base 12) to base 2
0
Convert -63 (base 11) to base 6.
-153
What is 110 (base 2) in base 7?
6
Convert -b (base 12) to base 13.
-b
Convert b (base 12) to base 10.
11
What is -1 (base 12) in base 11?
-1
What is 252 (base 6) in base 14?
76
What is -6 (base 8) in base 16?
-6
What is 9 (base 15) in base 16?
9
What is a (base 15) in base 9?
11
What is 185 (base 11) in base 8?
326
What is 9a (base 16) in base 13?
bb
What is 10 (base 10) in base 13?
a
Convert e9 (base 16) to base 6.
1025
Convert -5 (base 16) to base 13.
-5
What is 6 (base 7) in base 11?
6
What is 7 (base 16) in base 13?
7
Convert -4 (base 5) to base 14.
-4
Convert 23 (base 5) to base 6.
21
What is -d (base 15) in base 10?
-13
What is -75 (base 9) in base 12?
-58
42 (base 6) to base 3
222
What is 24 (base 7) in base 15?
13
What is 151 (base 8) in base 2?
1101001
What is -11002 (base 3) in base 8?
-156
Convert 2 (base 4) to base 2.
10
What is 1 (base 8) in base 12?
1
Convert 71 (base 12) to base 10.
85
Convert 7 (base 11) to base 13.
7
Convert 220 (base 3) to base 15.
19
Convert a5 (base 12) to base 16.
7d
Convert -14 (base 6) to base 7.
-13
-23 (base 15) to base 12
-29
Convert -a1 (base 13) to base 16.
-83
17 (base 11) to base 9
20
What is 35 (base 7) in base 6?
42
ba (base 14) to base 4
2210
What is 5 (base 14) in base 7?
5
Convert 5 (base 13) to base